 h(y) = x*z(y) - 11*g(y). Give h(5).
-1
Let w(s) = -9*s - 2. Let v(d) = 2*d. Let o(q) = -5*v(q) - w(q). Let g(i) = -6*i + 8. Let m(j) = -g(j) + 5*o(j). Determine m(-6).
-4
Suppose 5*q + k = 3*k - 36, 2*k - 6 = 0. Let l(c) = 6*c + 8*c**2 - 5*c**2 - 2*c**2. Determine l(q).
0
Let y = -5 + 1. Let p(x) = -x**3 + 211311*x**2 - 211306*x**2 + 2*x**3 + 7*x + 5. Calculate p(y).
-7
Let n(r) = 45*r + 0*r**2 - 134*r + 44*r + 3 - r**2 + 46*r. Determine n(-3).
-9
Let d(m) = m + 0*m - 7*m - 1. Let x be (-4)/((0 - -4)/(-2)). Calculate d(x).
-13
Suppose -3*p - o = -7, 2*p = 2*o - 0 + 10. Suppose -h - 4 = -6. Let u(c) = 5*c + 7*c**2 - 4 - c**3 - 5*c**h - c. Determine u(p).
-1
Let w(g) = -35*g - 3. Let l(c) = 12*c + 1. Let o(y) = -11*l(y) - 4*w(y). Suppose 3 = 2*u - u, 0 = b + 2*u - 21. Let d be 2/(-7) + b/(-21). What is o(d)?
-7
Let k(v) = v**3 - 4*v - 5. Let j be k(-2). Let u(m) be the first derivative of 1/4*m**4 + 7/2*m**2 + 2*m**3 + 2 + 3*m. Give u(j).
-7
Let r = 63 - 92. Let q = 27 + r. Let x(p) = p - 1. What is x(q)?
-3
Let x be -3 - (1 + -3 - 1). Suppose x = -5*z - 5*k, -5 = -z - z + 3*k. Let g(r) = -9*r + 19*r - 11*r - z. What is g(-6)?
5
Let h(a) = 6*a**2 + 23*a - 25. Let v be h(1). Let o(s) = -13*s + 1. What is o(v)?
-51
Let t(p) = p**3 - p**2 + p + 35. Suppose -13 = -38*h - 13. Calculate t(h).
35
Let i(f) be the first derivative of 1/360*f**6 + 0*f**2 + 1 - 7/24*f**4 + 0*f + 1/20*f**5 + 3*f**3. Let t(j) be the third derivative of i(j). What is t(-6)?
-7
Let j(t) = -t**3 - 7*t**2 - 4*t + 16. Let z be ((-3)/(-6))/((-14)/168). Determine j(z).
4
Let l(a) = -a**2 - 17*a. Let f(i) = i**2 + 15*i + 1. Let r(k) = -5*f(k) - 4*l(k). Determine r(-5).
5
Let x = -8 - -3. Let b be (3/(-4))/(3/(-12)). Let q(o) = o**3 - o + o + 3 + 0*o**b + o + 5*o**2. Calculate q(x).
-2
Let j(a) = -a**2 - 9*a + 2. Suppose 5*d = 3*d + 6. Suppose -q + d*q + 16 = 0. Calculate j(q).
10
Let y(k) = -9*k - 18*k - 10*k + 24*k. Calculate y(2).
-26
Let f(v) = -6 - 22*v + 17*v + v. What is f(5)?
-26
Let x(i) = -4*i**2 - 6*i - 2. Let u be 2*((-3)/6 - -2). Let a(z) = -7*z**2 - 12*z - 4. Let o(w) = u*a(w) - 5*x(w). Let p be 1*(-6 - -12)/(-1*1). What is o(p)?
-2
Let b(c) be the first derivative of -c**3/3 + 3*c**2 - 3*c - 10. Let i = -2 - 2. Let l = i - -6. Calculate b(l).
5
Suppose 2*z + 12 = 4*a, -7*z + 4*z = 4*a - 22. Let l(t) = t**2 - 3*t - 6. What is l(a)?
-2
Let z(s) = 4*s + 5. Let o = -1104 + 1099. Calculate z(o).
-15
Suppose 0 = 2*i + 3*y + 19, -3*i + 3*y = -i + 1. Let k(d) = d**2 - 3*d - 5. Give k(i).
35
Let w(t) = 42*t**2 - 83*t**2 + 4*t + 40*t**2 - 2. What is w(6)?
-14
Let p(s) be the third derivative of s**6/120 + s**5/60 - 81*s**2 + 2. What is p(-1)?
0
Let c(g) be the second derivative of -7/2*g**2 - 1/6*g**3 + 0 - 6*g. What is c(-5)?
-2
Let l(w) = 5*w**3 + 7*w**2 - 6*w - 10. Let b(x) = -x**3 - x**2. Let m(i) = -4*b(i) - l(i). Give m(-4).
2
Suppose q + 1 - 7 = 0. Let w = q + -1. Let j(h) = -6 + h**3 + h + 7*h**2 - 1 + w*h - 1. Determine j(-6).
-8
Let u(i) = 2*i**2 - i - 3. Let c be 9/(-6)*96/(-18). Suppose c*w - w = 21. Give u(w).
12
Let k(z) = z. Let x(j) = -7*j + 8. Let q(c) = 6*k(c) + x(c). What is q(5)?
3
Let g = -50 - -52. Let l(s) = -8*s - 3 - 3 - 4*s**2 + 0*s**2 + 3*s**g. Calculate l(-5).
9
Let o = 12 - 9. Let u be ((o - 7) + 1)*(-3)/(-9). Let z(i) = -2*i + 1. Determine z(u).
3
Let v(m) be the third derivative of -m**4/24 + 7*m**3/6 - 2*m**2 + 74*m. Suppose 6 = -c + 2*c. Calculate v(c).
1
Suppose 2*i - 5*f + 33 + 28 = 0, f - 57 = 2*i. Let l be i/(-126) - (-86)/18. Let j(r) be the second derivative of -r**3/6 + 5*r**2/2 + 2*r. What is j(l)?
0
Let k(r) be the second derivative of 7/6*r**3 - 6*r + 0 - 1/12*r**4 - 5/2*r**2. Give k(5).
5
Let w = 21 - 5. Let v(r) = -r**2 + 14*r + 36. Let m be v(w). Let l(y) be the first derivative of y**4/4 - 4*y**3/3 - y**2/2 + 2*y - 1. Calculate l(m).
-2
Let k(y) be the third derivative of y**9/60480 - y**8/20160 + y**7/5040 - y**6/144 + y**5/6 - 11*y**2. Let a(m) be the third derivative of k(m). Calculate a(0).
-5
Let n(b) be the third derivative of 0 - 1/60*b**5 + 1/4*b**4 - 13*b**2 + 1/2*b**3 + 0*b. Calculate n(7).
-4
Let d = 37 + -24. Suppose -5*y = -d + 33, 2*y = i - 11. Let p(h) be the third derivative of h**4/8 - h**3/6 - h**2. Give p(i).
8
Let a(x) be the second derivative of x**7/2520 + x**6/144 - x**5/60 + 7*x**4/12 + 6*x. Let d(q) be the third derivative of a(q). Calculate d(-4).
-6
Let t(z) = -z**2 - 11*z - 22. Suppose o + 3 = 0, -5*v + 10*o - 31 = 7*o. Determine t(v).
2
Let b be 1 + 2 + -2 + 7. Let a(h) be the first derivative of -h**3/3 + 5*h**2 - 9*h - 391. Give a(b).
7
Let n(y) = -27*y**2 + 3*y**2 + 2*y + y + 23*y**2. Determine n(4).
-4
Let t(m) be the second derivative of -m**4/2 - 3*m. Suppose 8*v = -0*v + 24. Suppose 2*g - 5*p = v*g - 1, -2 = -2*g + 4*p. What is t(g)?
-6
Let y(a) be the first derivative of -a**4/4 + 5*a**3/3 + 2*a**2 - 7*a + 71. Determine y(6).
-19
Let h be (-15)/(-20)*4 - (0 + 2). Let v(r) = r + 21 - h - 13. Determine v(-9).
-2
Let y(o) = o. Let h(m) = -m**2 - 8*m + 4. Let f(l) = h(l) + 4*y(l). What is f(-6)?
-8
Let n(d) be the second derivative of -d**4/24 + 2*d**3/3 + 11*d**2/2 + d. Let q(k) be the first derivative of n(k). What is q(2)?
2
Suppose 0 = -h + o + 3*o, 0 = h + 2*o - 6. Suppose 81 + 75 = h*m. Let f(t) = -t**2 - 21*t + m*t - 17*t + 3. Determine f(0).
3
Let l(s) be the second derivative of s**4/12 + 5*s**3/3 + 2*s**2 + 253*s. Determine l(-10).
4
Let c(o) = -4*o + 9. Let g(a) = 5*a - 10. Let n(i) = 6*c(i) + 5*g(i). Calculate n(-12).
-8
Let x(a) be the third derivative of -a**6/120 + 7*a**5/60 - a**4/12 + 5*a**3/3 - 5*a**2. Let t = -71 + 78. Determine x(t).
-4
Let z(f) = -3*f - 1036*f**2 + 5*f + 5*f - 12 + 1037*f**2 + 2*f. Calculate z(-12).
24
Let m(x) = x**2 - x - 2. Let n = 175 + -175. What is m(n)?
-2
Let g(p) be the third derivative of p**5/60 - p**3/3 + 2*p**2. Let y(s) be the first derivative of g(s). Let k be 88/(-20) + (-2)/(-5). Determine y(k).
-8
Suppose -2*p - 4*f - 36 = -6*p, -7 = -3*p - f. Suppose 0*v = 2*k - 3*v - 1, p*v - 4 = 0. Let z(d) = -d**3 + d**2 - 3*d + 2. What is z(k)?
-8
Let q = -217 - -172. Let h be 60/q*6/4. Let n(d) = 2*d**3 + 2*d**2 + 7*d + 3. Let r(x) = -x. Let j(g) = -n(g) - 4*r(g). Give j(h).
11
Let t(s) = 2*s**2 + 6*s - 5. Let h(b) = b**2 - 3*b - 15. Let j be h(5). Determine t(j).
15
Let f(m) be the third derivative of m**5/60 - 5*m**4/24 - m**3/2 + 2*m**2. Suppose 0 = -o - 3*o + v + 16, -2*v + 18 = 2*o. What is f(o)?
-3
Let d(f) = -f**3 + 10*f**2 + 13*f - 20. Let u be d(11). Let s(y) = -8*y**u + y**3 - 9 - 10*y**2 - 11*y**2 + 23*y**2 + 3*y. Determine s(6).
9
Let k(o) = -22 + 3*o + 65 - 19 - 22. What is k(2)?
8
Let a(b) = -8*b - 5. Let u = -27 - -16. Let n be (1 + -2)/((-1)/u). Let z(s) = -s**2 - 15*s - 9. Let l(j) = n*a(j) + 6*z(j). Give l(1).
-7
Suppose -3*s - 15 = -0*s. Let c(i) = -3*i + 28. Let l(h) = 2*h - 19. Let o(t) = s*c(t) - 8*l(t). Let f be o(11). Let g(x) = -4*x**2 - x + 1. Determine g(f).
-4
Suppose -56*l - 48 = 64. Let v(w) = 0 + 0 + 6*w**2 + w. Calculate v(l).
22
Let d(u) = -u**2 + 13*u + 5. Let c(m) = 2*m**2 - 25*m - 9. Let l(f) = 6*c(f) + 11*d(f). Let j be -24*1/((-28)/7). Give l(j).
-5
Let s(b) = -4 - 4*b + b**2 + 7 + 7 + b**3 - 14 + b. Calculate s(3).
23
Let u(n) = n + 13. Suppose 3*l + 340 = -7*l. Let f = l + 28. Give u(f).
7
Let u = -1 + 1. Let b(f) be the third derivative of f**5/60 + f**4/24 + 19*f**3/6 - 648*f**2. Give b(u).
19
Let q = -1990 - -1993. Let v(u) be the first derivative of 3*u - 3/2*u**2 + 12 - 1/3*u**q. Calculate v(-5).
-7
Let y(t) be the third derivative of t**4/12 + 2*t**3/3 - 152*t**2. Calculate y(6).
16
Let h(w) be the third derivative of w**6/360 - w**5/120 - 5*w**4/12 + 13*w**2. Let g(s) be the second derivative of h(s). What is g(4)?
7
Let o(a) = 5*a**2 + 7*a. Let n(i) = 26*i**2 + 40*i + 1. Let u(k) = -2*n(k) + 11*o(k). Determine u(-1).
4
Let h(b) = -24*b**2 - 9*b + 21*b**2 + 10*b**2 + b**3. Calculate h(-8).
8
Let a(f) = 2*f + f**3 + 2*f - 5*f**2 + 0*f**2 + 2. Let t = 0 + 38. Let l be t/8 - (-9)/(-12). Give a(l).
2
Let u(p) = 12*p**2 + 4 - 3*p - 3*p - 11*p**2. Let q be u(2). Let a(l) = l**2 + 4*l + 6. Calculate a(q).
6
Let a(k) = 4*k - 5. Let r(d) = -9*d + 11. Let z(g) = -5*a(g) - 2*r(g). Suppose 4*c = 5*x - 47 - 3, 3*x - 